{"id":236,"date":"2013-11-24T19:16:02","date_gmt":"2013-11-24T19:16:02","guid":{"rendered":"http:\/\/www.targowekwspodnicy.pl\/?page_id=236"},"modified":"2018-07-23T23:20:02","modified_gmt":"2018-07-23T21:20:02","slug":"iwona-wujastyk","status":"publish","type":"page","link":"https:\/\/targowekwspodnicy.pl\/?page_id=236","title":{"rendered":"Iwona Wujastyk"},"content":{"rendered":"<p><img decoding=\"async\" class=\"alignleft wp-image-2816 size-medium\" style=\"margin: 10px;\" src=\"https:\/\/targowekwspodnicy.pl\/wp-content\/uploads\/2013\/11\/Iwona_Wujastyk-236x300.jpg\" alt=\"\" width=\"236\" height=\"300\" srcset=\"https:\/\/targowekwspodnicy.pl\/wp-content\/uploads\/2013\/11\/Iwona_Wujastyk-236x300.jpg 236w, https:\/\/targowekwspodnicy.pl\/wp-content\/uploads\/2013\/11\/Iwona_Wujastyk.jpg 393w\" sizes=\"(max-width: 236px) 100vw, 236px\" \/><\/p>\n<p style=\"text-align: justify;\">Gdy mieszka si\u0119 tu od pierwszych tygodni swojego \u017cycia, trudno si\u0119 nie zakocha\u0107 w swojej dzielnicy i swoim mie\u015bcie. Tak m\u00f3wi i nie ukrywa, \u017ce uwielbia Warszaw\u0119 i Targ\u00f3wek za ich r\u00f3\u017cnorodno\u015b\u0107 oraz mieszkaj\u0105cych w nich pe\u0142nych pasji, otwartych ludzi. Ka\u017cdego dnia odkrywa ich nowe, r\u00f3wnie ujmuj\u0105ce oblicze, kt\u00f3rym ch\u0119tnie si\u0119 zara\u017ca. Ca\u0142e 35 lat swojego \u017cycia zwi\u0105zana z Targ\u00f3wkiem. Szkole Podstawowej Nr 42, zawdzi\u0119cza nie tylko najwi\u0119ksze przyja\u017anie, ale tak\u017ce ogromny wk\u0142ad w kszta\u0142towanie jej osobowo\u015bci, kultury i wra\u017cliwo\u015bci na innych. Zgodnie z zainteresowaniami uko\u0144czy\u0142a w XIII L.O. im L.L. Kuli klas\u0119 humanistyczn\u0105, bo jak m\u00f3wi &#8211; najwa\u017cniejszy jest dla niej drugi cz\u0142owiek. Cho\u0107 jej dzieci\u0119ce marzenia oscylowa\u0142y wok\u00f3\u0142 zainteresowa\u0144 literacko &#8211; artystyczno &#8211; teatralnych (co dzi\u015b pozostaje jedynie w obszarze pasji), zdecydowa\u0142a si\u0119 na edukacj\u0119 w \u015bcis\u0142ym kierunku i zosta\u0142a magistrem ekonomii. Poza tym posiada dyplom licencjacki z zarz\u0105dzania i marketingu i studi\u00f3w podyplomowych studi\u00f3w o kierunku marketing terytorialny. Od zawsze jest spo\u0142ecznikiem. W dzieci\u0144stwie i wczesnej m\u0142odo\u015bci uczestnik wszelkich form aktywno\u015bci w domach kultury: ch\u00f3r, grupa teatralna, plastyczna, muzyczna, filatelistyka, akrobatyka, samorz\u0105d uczniowski itp. Od 2006 roku &#8211; samorz\u0105dowiec. W kadencji 2006 &#8211; 2010 jako Wiceprzewodnicz\u0105cej Rady Dzielnicy Targ\u00f3wek, zajmowa\u0142a si\u0119 tematami edukacji, kultury, rozwoju infrastrukturalnego, mieszkalnictwa komunalnego i szeroko rozumianej pomocy spo\u0142ecznej. Od 2011 Radna miasta sto\u0142ecznego Warszawy. Od 2007 roku jestem wsp\u00f3\u0142inicjatork\u0105 i organizatork\u0105 corocznej akcji charytatywnej dla dzieci z rodzin najubo\u017cszych z dzielnicy Targ\u00f3wek &#8211; &#8222;Wielkanocne Spotkania Dzieci i M\u0142odzie\u017cy Targ\u00f3wka&#8221;. Rado\u015b\u0107 tych dzieci zobowi\u0105zuje i daje energi\u0119 do dzia\u0142ania na ca\u0142y rok. Nade wszystko jest szcz\u0119\u015bliw\u0105 mam\u0105 9-letniego Ja\u015bka i kilkumiesi\u0119cznej Bianeczki, kt\u00f3ra na co dzie\u0144 \u0142\u0105czy swoj\u0105 prac\u0119 zawodow\u0105, dzia\u0142alno\u015b\u0107 spo\u0142eczn\u0105, gotowanie, pranie, odrabianie lekcji, treningi syna itd&#8230; Kobiet\u0105, kt\u00f3ra jak ka\u017cda z Was, nie maj\u0105c z\u0142otego przepisu na \u017cycie, chce by\u0107 dobr\u0105 \u017con\u0105, mam\u0105, przyjaci\u00f3\u0142k\u0105, mie\u0107 cho\u0107 troch\u0119 czasu na samorealizacj\u0119 i w\u0142asne pasje, a przy tym nie zwariowa\u0107 i z u\u015bmiechem patrze\u0107 na siebie w lustrze. [kontakt: <a href=\"mailto:info@targowekwspodnicy.pl\">info@targowekwspodnicy.pl<\/a>]<\/p>\n","protected":false},"excerpt":{"rendered":"<p>Gdy mieszka si\u0119 tu od pierwszych tygodni swojego \u017cycia, trudno si\u0119 nie zakocha\u0107 w swojej dzielnicy i swoim mie\u015bcie. Tak m\u00f3wi i nie ukrywa, \u017ce uwielbia Warszaw\u0119 i Targ\u00f3wek za ich r\u00f3\u017cnorodno\u015b\u0107 oraz mieszkaj\u0105cych w nich pe\u0142nych pasji, otwartych ludzi. Ka\u017cdego dnia odkrywa ich nowe, r\u00f3wnie ujmuj\u0105ce oblicze, kt\u00f3rym ch\u0119tnie si\u0119 zara\u017ca. Ca\u0142e 35 lat [&hellip;]<\/p>\n","protected":false},"author":1,"featured_media":0,"parent":0,"menu_order":0,"comment_status":"closed","ping_status":"closed","template":"","meta":{"footnotes":""},"_links":{"self":[{"href":"https:\/\/targowekwspodnicy.pl\/index.php?rest_route=\/wp\/v2\/pages\/236"}],"collection":[{"href":"https:\/\/targowekwspodnicy.pl\/index.php?rest_route=\/wp\/v2\/pages"}],"about":[{"href":"https:\/\/targowekwspodnicy.pl\/index.php?rest_route=\/wp\/v2\/types\/page"}],"author":[{"embeddable":true,"href":"https:\/\/targowekwspodnicy.pl\/index.php?rest_route=\/wp\/v2\/users\/1"}],"replies":[{"embeddable":true,"href":"https:\/\/targowekwspodnicy.pl\/index.php?rest_route=%2Fwp%2Fv2%2Fcomments&post=236"}],"version-history":[{"count":0,"href":"https:\/\/targowekwspodnicy.pl\/index.php?rest_route=\/wp\/v2\/pages\/236\/revisions"}],"wp:attachment":[{"href":"https:\/\/targowekwspodnicy.pl\/index.php?rest_route=%2Fwp%2Fv2%2Fmedia&parent=236"}],"curies":[{"name":"wp","href":"https:\/\/api.w.org\/{rel}","templated":true}]}}